e the greatest common factor of 6 and c.
6
Let s(h) = -4*h - 15. Let z be s(-6). Let x = -4 + z. What is the greatest common factor of 55 and x?
5
Let q be (-8 - -3)*15*-3. Calculate the highest common divisor of 25 and q.
25
Let b = 153 + -245. Let k = -78 + -99. Let o = b - k. What is the greatest common divisor of o and 17?
17
Suppose 0 = -5*h, 3*s + 2*h = 6*s - 108. Suppose -5*i + 29 - 143 = -4*d, 0 = 2*d + i - 64. Let q = d - 13. What is the highest common divisor of s and q?
18
Let i be -828*(-2)/10*5. Calculate the greatest common divisor of i and 184.
92
Suppose 3*o - 5*o + 2 = 0. Let i be (24/(-200)*-5)/(o/10). What is the greatest common divisor of i and 27?
3
Let x(h) = -45*h - 261. Let u be x(-7). What is the highest common factor of u and 24?
6
Let v = -33 + 17. Let r be (7 + -2 - 4)/((-2)/v). Calculate the greatest common divisor of r and 64.
8
Suppose -3*s + 2*s + 14 = 0. Suppose 4*h - 372 = -4*i, i + 6 - 1 = 0. What is the highest common factor of h and s?
14
Let o(s) = 25*s - 52*s + 30*s - 36. Let g be o(24). Calculate the highest common divisor of 18 and g.
18
Let l(w) = -w**3 - 2*w**2 - 8*w + 1. Let x be l(-3). What is the highest common factor of 272 and x?
34
Suppose -1 + 45 = 3*c - 4*n, -2*c + 30 = -2*n. Calculate the highest common divisor of c and 304.
16
Let d(a) = -4*a + a + 2*a - 9. Let j be d(-8). Let l = j - -4. Calculate the highest common factor of l and 15.
3
Let m be (24/15)/((-2)/(-5)). Suppose -4*i + m = -3*i. Suppose 60 = -n + 6*n. What is the greatest common factor of i and n?
4
Suppose -z - 36 = -4*b - 0*z, 5*b - 3*z = 38. Let n(f) = -f**2 - 6*f - 1. Let l be n(-5). What is the greatest common factor of b and l?
2
Let b be -1*(-100)/26 - (-48)/312. Calculate the highest common divisor of 1 and b.
1
Suppose 24 = -v - 8. Let s = 44 + v. Calculate the highest common divisor of s and 156.
12
Let a = 31 - 0. Let z be (a - 1)*33/(-22). Let v = z + 63. Calculate the greatest common factor of v and 9.
9
Suppose 105 - 45 = 3*a. Suppose -a = -o + 6*o, i = o + 84. Calculate the highest common divisor of i and 16.
16
Let c be (14/(-4))/(11/(-22)). Suppose 2*g - c*g + f - 120 = 0, -4*f + 89 = -3*g. Let n = g - -40. Calculate the greatest common divisor of 17 and n.
17
Let q be 4 - (0 + (6 - 4)). Suppose -2*s + 10 = c, 2*c + q*s - 23 = s. Calculate the greatest common factor of c and 132.
12
Let a = 934 - 925. Calculate the highest common divisor of 21 and a.
3
Suppose -x = 2*p + 1, -4*x + 0*x + 3 = p. Suppose -3*q = -x - 8. Let n be ((-21)/(-14))/(q/80). Calculate the highest common factor of 8 and n.
8
Let n(g) = 18*g + 225. Let m be n(-9). What is the highest common divisor of m and 819?
63
Let r(x) = 68*x - 12. Let m be r(1). Calculate the greatest common factor of m and 14.
14
Let o = -89 + 89. Suppose -4*n + 3*n = -2*x + 26, -3*x + n + 37 = o. Calculate the highest common factor of x and 22.
11
Let z = -36 - 62. Let u = -83 - z. What is the highest common divisor of u and 3?
3
Let r be ((-342)/(-12))/((-15)/(-6) + -2). Let m = -53 + r. Calculate the highest common factor of 52 and m.
4
Let b be (2/(-3))/((-4)/30). Suppose -11*h + 19 = -25. Suppose -m - 4*q = -q - 11, -h*q + 8 = -2*m. Calculate the highest common divisor of m and b.
1
Let p(d) be the second derivative of 29*d**5/20 - d**4/12 + d**3/2 + 4*d - 9. Let y be p(2). What is the greatest common divisor of y and 18?
18
Let y(f) = 3*f**3 - f**2 + 3*f + 8. Let l be y(0). Calculate the highest common divisor of 1000 and l.
8
Let b = -529 + 919. What is the highest common divisor of b and 270?
30
Let j(z) = 224*z + 199. Let x be j(7). What is the greatest common factor of x and 62?
31
Suppose 9*s - 4*s = 0. Suppose -2*q - q + 120 = -5*x, 4*x - 12 = s. Let c = -83 + 113. What is the highest common factor of c and q?
15
Let p be (-4)/(((-1)/(-1)*2)/(-9)). Suppose 2 - 4 = -s. What is the highest common factor of s and p?
2
Let x be 46/8*(50 - 46). Calculate the greatest common factor of x and 989.
23
Let a be (27/6 + -4)*-10. Let d = 43 - a. Calculate the greatest common factor of 6 and d.
6
Suppose -114*w + 111*w = -198. Let h = 144 - 100. Calculate the highest common factor of h and w.
22
Let s(t) = -24*t**3 + t**2 + t - 1. Let z be s(-1). Calculate the highest common divisor of 46 and z.
23
Let r be (-9)/((-9)/(-1988))*13/(-52). Calculate the greatest common divisor of 213 and r.
71
Let t be (-2)/(-10) - 1/30*6. Suppose -4 = -t*f + f, 0 = 5*n + 4*f - 174. What is the highest common divisor of 95 and n?
19
Suppose 4*j - 31 - 1 = 0. Let m(n) = -6*n - 38. Let y = 66 + -79. Let x be m(y). What is the greatest common divisor of j and x?
8
Let c be ((-2624)/(-574))/(2/7). What is the greatest common factor of c and 48?
16
Suppose -4 = -d - 13. Let g be 2/(-3)*18/(-4). Let a be d + 6 - -11*g. What is the highest common divisor of 6 and a?
6
Let h = 144 + -213. Let a = h - -79. What is the greatest common factor of 2 and a?
2
Suppose 2*c - 102 = -2*y, 3*c + 53 = 3*y + 224. Suppose -95 = -59*l + c*l. What is the highest common divisor of l and 114?
19
Let w = -1168 - -1273. Let a = 48 - 27. What is the greatest common factor of a and w?
21
Suppose 4 = 7*y - 17. Let x(r) = r**3 - 3*r**2 + 6*r - 8. Let s be x(y). Calculate the highest common factor of 110 and s.
10
Let o(y) = y - 2. Let a(m) be the first derivative of m**3/3 + 3*m**2 + 4*m + 6. Let d be a(-7). Let s be o(d). What is the greatest common divisor of s and 45?
9
Let d(n) = n**3 - 7*n**2 + 4*n + 3. Let q be d(6). Suppose 0*y - 3*y + 18 = 0. Let b be 256/12 - y/q. What is the greatest common divisor of 33 and b?
11
Let k be (1 + 10/15)/((-1)/(-18)). Calculate the highest common divisor of k and 192.
6
Let b(i) = i**3 + 7*i**2 - 2*i - 7. Let w be b(-7). Suppose -3*g + 320 = g. Let c = g - 38. What is the highest common factor of c and w?
7
Suppose -43*w - 30 = -46*w. What is the greatest common factor of w and 320?
10
Let z(x) = 3*x**2 - 1. Let u be z(1). Suppose t + 14 - 1 = 0. Let j = t - -35. What is the greatest common divisor of u and j?
2
Suppose a = -n + 64, 102 = 2*a - n - 26. Let q(k) = -2*k**3 - 1 + 5*k**2 - 2*k - 3 + 0 + k**3. Let o be q(3). Calculate the highest common divisor of o and a.
8
Suppose 7*z + 126 = 14. Let m be (z/(-2))/(8/36). Let r = -16 + 52. Calculate the greatest common factor of m and r.
36
Suppose -4*g + 217 = -95. Let x(b) = b**2 + 3*b - 4. Let j be x(-5). What is the greatest common factor of j and g?
6
Suppose -256 = -3*f - 5*t, -82 = -2*f + 4*t + 52. Calculate the highest common factor of 33 and f.
11
Suppose 50*u - 52*u + 168 = 0. Calculate the greatest common factor of 42 and u.
42
Let t = -16 + 50. Calculate the greatest common factor of 323 and t.
17
Let u = 2595 - 1404. Suppose 10*c - u = -5*z + 13*c, 3*c - 249 = -z. Calculate the greatest common divisor of z and 30.
30
Let r = 39 - 34. Suppose -r*l - u - 90 = -8*l, 5*l = 2*u + 150. What is the highest common factor of l and 15?
15
Let v(n) = -n + 10. Let j be v(-7). Let q = 28 - j. Let s be (-7)/(((-42)/22 - -2)/(-1)). Calculate the greatest common divisor of q and s.
11
Let i = -3 + 5. Let x be 15/12 - (-35)/(-28). Suppose x = -7*t + i*t + 250. What is the greatest common divisor of 10 and t?
10
Let r = 24 - 44. Let w be (15/(-2))/(5/r). Suppose 0 = -6*i + 4*i + w. What is the greatest common factor of 120 and i?
15
Suppose -2*w = 3*z - 24, z - 12*w - 8 = -9*w. What is the highest common divisor of z and 104?
8
Suppose -4*w - 5*l + 4*l + 115 = 0, -5*w + 3*l = -131. Calculate the highest common divisor of 8 and w.
4
Let d be 2*((-45)/(-39) - (-2)/(-13)). Suppose -4 = -d*b + b. What is the greatest common factor of b and 20?
4
Suppose -i = -2*i. Suppose i = 3*v + 15 - 3, 5*v + 10 = -m. What is the highest common divisor of m and 130?
10
Suppose 0 = 4*u + 2552 - 2616. Suppose -3*k + 64 = k. Calculate the greatest common factor of u and k.
16
Let a = 12 + -7. Let w(i) = 47*i - 27. Let q be w(a). What is the greatest common factor of q and 26?
26
Suppose -40 = -3*p - 2*p. Suppose -5*d = -3 + p. Let u = d - -14. Calculate the greatest common factor of u and 65.
13
Let i = 14 + -4. Let q = -5 - -8. Suppose 5*x + 26 = q*c - 29, 0 = 3*c - x - 35. What is the highest common divisor of i and c?
10
Let w be 242892/540 - (-1)/5.